- 15*s + 47*s - 16*s - 2. Let y(g) = g**2. Let z(b) = d(b) + 5*y(b). Determine z(2).
28
Let y(o) = 4*o - 57. Let j be y(15). Suppose -j*s + 23 = 3*q + q, 0 = 3*q + 2*s - 16. Let u(k) = -k**q + k - 6 + 9*k - k + 0*k. What is u(6)?
12
Let c(i) = -90*i + 358*i - 89*i + 26 - 90*i - 90*i. Give c(17).
9
Let i(x) = x - 4. Let k be i(9). Suppose -4*d = -5*w - 35, -13 = k*w + 2. Let z(s) = s + 2 + 2 - 11. Determine z(d).
-2
Let y(n) = -10*n**2 - 10*n - 1. Let c(m) = 27*m**2 + 27*m + 3. Let z(v) = -3*c(v) - 8*y(v). Give z(-3).
-7
Let z(q) = 11*q**2 - 12*q - 6. Let t(g) = -3*g**2 + 4*g + 2. Let y(u) = -7*t(u) - 2*z(u). Let w be (28/(-70))/((-1)/(-10)). What is y(w)?
-2
Let h(i) be the first derivative of 2*i**2 + i - 1. Let p(r) = -16*r**2 - r. Let a be p(1). Let g = a + 15. What is h(g)?
-7
Let j(n) = -n**3 - 12*n**2 - 10*n + 11. Suppose 22*k + 671 = 10*k - 49*k. What is j(k)?
0
Let b be 0 + 2 + 10 + -7. Suppose -b*p - 2 = -17. Let k(y) = 8*y - 38*y + 17*y + y**2 + 15*y + p. Determine k(-3).
6
Let x(a) = 11*a**2 - 4*a - 38. Let z(w) = -5*w**2 + 2*w + 18. Let r = 139 - 145. Let g(v) = r*x(v) - 13*z(v). Let t = 137 - 142. What is g(t)?
-21
Let g be 42/4 - 5/10. Let n(u) = -1 + 4 + 5 - u - 5 + 0. Determine n(g).
-7
Suppose -59*s + 513 = -50*s. Suppose 64*b + s = 83*b. Let j(q) be the second derivative of -q**4/12 + q**3/6 + q**2/2 + q. What is j(b)?
-5
Let s(b) = -7*b**2 + 4*b + 30 + 4*b - 2*b - 18*b**3 - 3*b + 19*b**3. Determine s(5).
-5
Let g = 36 + -21. Suppose g*s - 11*s - 8 = 0. Let r(d) = -d - 7 + s*d**2 - 2*d + 6 + d. What is r(-2)?
11
Let a(k) = -k**2 + 8*k - 3. Let r be 5/40*41 + 1/(-8). Suppose 5*s = 2*h - 26, r*s - 1 + 33 = 4*h. Suppose -h*f + 10 = -8. Determine a(f).
9
Let l(p) be the second derivative of p**4/12 - 5*p**3/6 + 11*p**2/2 + 561*p. Give l(4).
7
Let o(t) = 17*t + 19 + 606*t**3 - 208*t**3 - 20*t**2 + t - 202*t**3 - 195*t**3. Calculate o(19).
0
Let m(o) = -o**3 + 8*o**2 + 8*o + 12. Suppose u - 152 - 53 = 2*y, 3*u - 2*y = 615. Suppose 2*k + u - 223 = 0. Give m(k).
3
Let u(r) = 9*r**3 - 39*r**2 + 61*r + 110. Let l(y) = -4*y**3 + 19*y**2 - 30*y - 49. Let x(t) = -7*l(t) - 3*u(t). Determine x(14).
-1
Let d = 18414 + -18405. Let r(n) be the second derivative of -n**5/20 + 3*n**4/4 + n**3/3 - 10*n**2 - 2*n. Give r(d).
-2
Let r(f) = -f - 12. Let c(k) = -k - 12. Let a be c(-17). Suppose -10 = m - 3*p + p, -22 = a*m + 4*p. Calculate r(m).
-6
Let t(m) = m**2 - 7*m - 3. Suppose 159 = 3*p + 2*a, 0*a + 87 = 2*p - 5*a. Suppose 6 = -9*d + p. Calculate t(d).
-13
Let q(i) = -i**3 + 6*i**2 + i - 2. Let l(v) = v**3 - 12*v**2 + 13*v - 16. Let g(t) = t**3 - t**2 - 3*t + 2. Let w be g(3). Let s be l(w). Give q(s).
4
Let w(v) = v**3 - 5*v**2 - 7*v - 2. Suppose 26*y + 35 = 269. Suppose p = -2*c - 4, -y*p = -5*p + 3*c - 9. Calculate w(p).
-8
Let c(k) = -344*k + 51 - k**2 + 186*k + 186*k. Determine c(29).
22
Let z(g) be the third derivative of -g**5/60 + 17*g**4/24 - 43*g**3/6 + g**2 + 462*g. Calculate z(3).
-1
Suppose 2*k - 2*r + 34 = 0, r - 181 = -k - 172. Let v(i) = -4*i + 3*i**2 + i**3 + 3 + 1 + 1. Calculate v(k).
5
Let l(t) = 3*t**2 + 19*t - 1. Suppose -44*v = 460 - 196. Calculate l(v).
-7
Suppose 27*o = 44*o + 136. Let x(j) = -7*j**3 - 2*j**2 + 4*j + 3. Let t(m) = -11*m**3 - 3*m**2 + 6*m + 6. Let g(c) = o*x(c) + 5*t(c). Give g(-3).
-6
Let h(l) = l**2 - 5*l + 4. Let j be (8/(-12))/(3/(-9)). Suppose -j*x + 34 - 28 = 0. Calculate h(x).
-2
Let t(s) = 3*s - 3. Let r = -721 - -711. Let l(y) = -2*y - 17. Let j be l(r). What is t(j)?
6
Let q(d) be the second derivative of -d**5/20 - d**4/12 - d**3/6 - d**2 - 2729*d. Give q(0).
-2
Let t(u) = 44*u**3 - 2*u**2 + 1. Let a(g) = -4*g - 237. Let z be a(-59). What is t(z)?
-45
Let o(x) = x + 7. Let u(z) = z - 5. Let n(s) = -3*o(s) - 2*u(s). Let v(w) = -w. Let k(i) = n(i) - 4*v(i). Calculate k(-8).
-3
Let z(x) = -x**3 - 8*x**2 - 7*x + 30. Let c(b) = -b**3 - 4*b**2 - b + 13. Let d(i) = 3*c(i) - z(i). Calculate d(-5).
139
Let c(d) be the second derivative of d**5/20 - d**4 - 13*d**3/6 + d**2 - d. Let z(f) = -91*f - 15912. Let i be z(-175). Calculate c(i).
2
Let y(u) be the first derivative of u**2/2 - 14*u - 39. Let k be 8*(-7 + 140/16). Determine y(k).
0
Let j(v) = -33*v - 18. Let o be (5 - -6) + -32 - -17. Calculate j(o).
114
Let y(k) = k**3 + 10*k**2 + 8*k - 9. Let m be y(-9). Suppose m = 3*h - h + 16. Let o be (-12)/78 + h/(-52). Let g(t) = t**2 - 10. Give g(o).
-10
Suppose -2*j + 25 = 5*y - 7*j, 3*y = -j + 35. Suppose y = 445*n - 450*n. Let v(d) = 2*d**3 - 2*d - 2. Determine v(n).
-14
Suppose -5*n - 544 + 89 = 0. Let h = 92 + n. Let c(j) = -21*j. Calculate c(h).
-21
Let i(h) = 2 - 4 - 2*h - 3. Suppose -434*l - 73*l - 3549 = 0. Determine i(l).
9
Let q(n) = -52*n - 14. Let s be q(-6). Suppose s*y - 54 = 292*y. Let h(r) = -r**3 + 10*r**2 - 9*r + 2. Determine h(y).
2
Suppose y - 6*y + 20 = 0. Let c(z) be the first derivative of 587 + 1/3*z**3 - 4*z**2 + z. What is c(y)?
-15
Let z(u) = 7*u**3 - u**2 + 5*u - 4. Let j(h) = 3*h**3 + 2*h - 2. Let g = 867 - 876. Let r(x) = g*j(x) + 4*z(x). Calculate r(4).
10
Let y(w) be the first derivative of 308 - 187 + 2*w**2 - 246 + 3*w. Determine y(-2).
-5
Suppose -2*g + f - 33 = -4*f, 56 = -3*g + f. Let u(i) = 5*i + 98. Determine u(g).
3
Let j(o) = 390*o**2 - 12 + 11*o - 4*o - 392*o**2 + 15. Calculate j(-3).
-36
Let m(t) be the first derivative of -30 + 0*t - 1/2*t**2. What is m(-7)?
7
Let b(k) be the third derivative of -k**5/60 + 3*k**4/8 - 10*k**3/3 + 708*k**2. What is b(11)?
-42
Suppose 15*m - 1 = 74. Suppose 1 + 2 = m*j + 4*i, j + 5*i - 9 = 0. Let k(h) = 19*h**3 - h**2 + 1. What is k(j)?
-19
Let q(u) = -u + 7. Suppose 894*b - 10 = 896*b. Determine q(b).
12
Let j = -331 - -457. Suppose 19*k - 61*k = -j. Let i(n) = n + 1. Calculate i(k).
4
Let q(w) = -9*w. Let s be (33 - 21)/((1 - 0)*2). Suppose -2*j = 5*m - 43, s*m = 3*j + 9*m - 60. Suppose 2*n - 17 = j*n. Calculate q(n).
9
Let b(f) = 82*f**2 - 166*f**2 + 83*f**2 - f**3. Determine b(0).
0
Suppose -12 = -7*n + 11*n. Let d(r) = r**3 + 8*r**2 - r + 3. Calculate d(n).
51
Let m = 129 + -127. Suppose 4*g + 27 = -3*j, 2*g + 13 = -m*j - 3. Let f be (-2)/j + 242/(-55). Let r(d) = d**3 + 4*d**2 + 2*d + 6. What is r(f)?
-2
Let t(n) = n**2 - 16*n - 6. Let j(p) = -2*p**2 - p + 1. Let c(a) = -5*a**2 - 17*a - 2. Let z(q) = c(q) - 3*j(q). Let h(d) = -3*t(d) + 4*z(d). Give h(6).
-14
Let s(z) = -6*z**2 + 7. Let a(r) = -17*r**2 + 17*r + 61. Let d(o) = a(o) - 3*s(o). Determine d(-14).
-2
Let d(v) = v**2 - 32*v - 305. Suppose -45*c = -30*c - 22*c + 280. Give d(c).
15
Let c(z) = -2*z + 3. Let a be -3*(0 + (-5)/3). Suppose 4*l - 262 = a*b, 0 = -2*b - l - l - 94. Let t = -45 - b. Give c(t).
-7
Let w(p) = p - 11. Let v(o) = 12*o - 147. Let i(y) = 3*v(y) - 39*w(y). Give i(-3).
-3
Let w(s) be the second derivative of -s**3/6 - 11*s**2/2 - 16*s. Suppose 0 = -5*g - 4*o + 2*o + 6, 3*g - 3 = -o. Calculate w(g).
-11
Let y(u) = -5*u**3 - 3*u**2 + 7*u - 6. Let a(r) = 6*r**3 + 2*r**2 - 8*r + 5. Let i(s) = -4*a(s) - 5*y(s). Determine i(-7).
31
Let h(x) = 5*x + 26. Let c be -18*(-80)/144 + 1. Give h(c).
81
Suppose -10 = -42*v + 40*v. Let g(w) = -2*w**3 - 15*w**2 - 10*w + 5. Let s(i) = i**3 + 7*i**2 + 6*i - 3. Let d(f) = v*s(f) + 3*g(f). Determine d(-10).
0
Let t(n) = -n + 1. Let s be t(-5). Let a(l) = -s*l + 1 + l**2 - 10 - 2. Let c(y) = -y**2 - 150*y - 1521. Let m be c(-11). Determine a(m).
5
Let v(f) = -3*f - 13. Let g(j) = -j - 4. Let x(p) = -2*g(p) + v(p). Suppose 0 = 2*i + 2*h + 12, 2*i + 0*i + 27 = 3*h. What is x(i)?
4
Let f be (-13)/((-78)/(-45))*-2. Suppose f*j - 18*j + 3 = 0. Let p(u) = -14*u**3 + u**2 + u - 1. Calculate p(j).
-13
Let v be (52/26)/((-2)/(-4)). Let m(j) = j + 1. Let i(k) = -k + 4. Let w be i(5). Let x(c) = c**2 - 2*c - 9. Let q(s) = w*x(s) - 5*m(s). Determine q(v).
-24
Let h be -18 + (-15028)/(-833) + (-41)/(-196). Let n(i) be the third derivative of -9*i**2 + 0 - 1/60*i**5 - h*i**4 + 0*i - 1/2*i**3. Determine n(-2).
5
Let v(m) = 11*m + 5. Let k = 7880 + -7881. What is v(k)?
-6
Suppose -2*o - 4*k - 3 = -13, -2*k = -10. Let s(i) = 2*i**2 - 9*i - 11. Let m(l) = -l**2 + l + 1. Let r(q) = 4*m(q) + s(q). Calculate r(o).
-32
Let h(q) = -213 + q + 2*q**2 - 213 - q**3 + q + 423. Determine h(2).
1
Let r(d) = -73 + 73784*d - 24610*d - 24592*d - 2*d**2 